2?
-10001110110101011010
What is -5ca850 (base 13) in base 9?
-4156727
What is -33db8 (base 14) in base 12?
-6103a
100001100011101011010 (base 2) to base 10
1099610
-c32db (base 15) to base 11
-392584
10010001111110001 (base 2) to base 3
10210112001
-2202837 (base 11) to base 9
-7246111
Convert 15453252 (base 6) to base 13.
164081
Convert -972704 (base 13) to base 2.
-1101100010000000001001
What is -807416 (base 9) in base 4?
-1310222022
-28a4 (base 14) to base 15
-2200
Convert 14856115 (base 10) to base 8.
70527663
387578 (base 11) to base 16
94ff0
What is 2d76d (base 15) in base 3?
21110101011
Convert -31a2bb (base 13) to base 8.
-4343146
Convert 1981040 (base 10) to base 3.
10201122110212
1656452 (base 7) to base 10
232787
What is -2507547 (base 8) in base 12?
-294607
-69062 (base 14) to base 6
-5245502
What is -312053 (base 8) in base 13?
-38130
What is -1286867 (base 12) in base 3?
-20220000010121
Convert -2455b12 (base 12) to base 4.
-123000303332
Convert -42441220 (base 5) to base 3.
-200020100220
31d83 (base 16) to base 7
1510141
Convert -1116 (base 12) to base 10.
-1890
Convert -1990130 (base 10) to base 11.
-113a23a
-1001000111010111001100 (base 2) to base 16
-2475cc
Convert 5360650 (base 7) to base 12.
276161
12122312110 (base 4) to base 6
100022524
Convert -1665340 (base 7) to base 3.
-102221001211
What is 243351 (base 7) in base 11?
30421
Convert -258952 (base 11) to base 5.
-101011401
Convert 102333033 (base 4) to base 6.
1400023
-db1e (base 15) to base 3
-2100121202
Convert -141c3a (base 13) to base 16.
-77953
What is 129480 (base 10) in base 4?
133213020
40726b (base 13) to base 10
1500978
What is 11215251 (base 6) in base 3?
122111201211
Convert -157773 (base 13) to base 6.
-15213110
Convert -1653067 (base 8) to base 4.
-1311120313
Convert -142342432 (base 5) to base 12.
-3000a1
Convert -4d840c (base 14) to base 7.
-31503215
-101201020020202 (base 3) to base 10
-5692943
What is -11187 (base 10) in base 15?
-34ac
What is -ec6f (base 16) in base 11?
-41525
Convert -3cbd34 (base 16) to base 10.
-3980596
Convert 1101111111011110110100 (base 2) to base 12.
128a758
What is -192139 (base 10) in base 14?
-50043
-7630b (base 13) to base 6
-4325003
What is 163051 (base 14) in base 10?
776623
What is -101100201101122 (base 3) in base 6?
-314001155
Convert -69d7d (base 14) to base 3.
-111002201001
1113100121 (base 5) to base 3
11122120211021
10133 (base 4) to base 11
241
124462 (base 10) to base 3
20022201201
What is -320045 (base 7) in base 2?
-1101011111011000
Convert 65a688 (base 13) to base 2.
1001001000011000111011
-b4ca6 (base 13) to base 3
-121111222121
What is 28123 (base 10) in base 5?
1344443
b7062 (base 16) to base 4
2313001202
22d20 (base 14) to base 9
138408
What is -111012 (base 8) in base 3?
-1220021200
Convert 27465000 (base 8) to base 2.
10111100110101000000000
Convert 101011110000011110111001 (base 2) to base 5.
10414031102
20112010221122 (base 3) to base 15
487442
Convert -26400 (base 16) to base 14.
-4114c
Convert -5550006 (base 8) to base 15.
-1e7e9b
43309 (base 13) to base 8
355007
6432 (base 13) to base 15
41b9
-144042144 (base 5) to base 11
-485368
1166543 (base 7) to base 16
24e9c
What is 44760 (base 9) in base 3?
1111212000
What is 1000000000010101000 (base 2) in base 3?
111022211021
-540974 (base 11) to base 7
-10231556
Convert -10030320 (base 4) to base 5.
-1022313
Convert d86c (base 16) to base 4.
31201230
What is 11339d (base 15) in base 10?
820948
Convert 42124030 (base 5) to base 14.
910ac
What is -5515321 (base 6) in base 2?
-1000011000011100001
12212221210100 (base 3) to base 12
106a723
-1b313 (base 14) to base 8
-207125
Convert -334123141 (base 5) to base 8.
-5476012
What is -171784 (base 9) in base 13?
-39538
Convert 11958 (base 10) to base 14.
4502
What is 357223 (base 10) in base 9?
604014
What is 13130010320 (base 4) in base 13?
533768
-1687107 (base 12) to base 3
-22202121100121
What is 42232231 (base 5) in base 16?
55fbf
567765 (base 8) to base 12
93499
Convert -2424431 (base 6) to base 3.
-20111122001
Convert -759 (base 16) to base 12.
-1109
Convert 69039 (base 10) to base 5.
4202124
What is -13483 (base 10) in base 13?
-61a2
Convert -11021000111022 (base 3) to base 2.
-1000101000101101100000
5a76c (base 14) to base 15
45728
-631063 (base 9) to base 10
-374763
Convert -111111021100 (base 3) to base 13.
-93b43
Convert -6256a75 (base 11) to base 6.
-1032255035
-2ba5c (base 14) to base 4
-122220002
Convert -3642535 (base 9) to base 15.
-290a8b
-141f8 (base 16) to base 3
-11012001202
-212111220202201 (base 3) to base 12
-4228131
-3176314 (base 11) to base 6
-315423453
-1010002100121 (base 3) to base 13
-179725
What is 675040 (base 8) in base 10?
227872
Convert -2201150 (base 14) to base 8.
-75437002
What is -101111101010000 (base 2) in base 15?
-736a
Convert -1d0809 (base 15) to base 8.
-5324055
Convert 1506174 (base 8) to base 4.
1220301330
276198 (base 12) to base 14
1301c8
Convert 1205f0 (base 16) to base 12.
48b668
Convert 167110 (base 11) to base 8.
770452
Convert -1711971 (base 12) to base 9.
-8842034
Convert 53492 (base 12) to base 14.
2bcd0
Convert -122222111 (base 3) to base 6.
-140404
Convert 10034530 (base 6) to base 15.
59626
-2669846 (base 11) to base 16
-4658df
-101000101111101000011 (base 2) to base 7
-14230304
Convert -121012100021 (base 3) to base 15.
-646ed
What is -1990913 (base 12) in base 5?
-2341212112
Convert -10100011101111010100 (base 2) to base 4.
-2203233110
14004524 (base 6) to base 4
1302022210
What is -30007417 (base 8) in base 5?
-3102422221
What is -75545 (base 11) in base 13?
-3ac8b
247611 (base 10) to base 8
743473
Convert -7372601 (base 8) to base 15.
-28bb2d
Convert -16436 (base 7) to base 3.
-20102102
32003301320 (base 4) to base 8
16036170
What is 1112044231 (base 5) in base 4?
21113221333
Convert 100101001100101011111 (base 2) to base 13.
338a65
-2406b96 (base 12) to base 8
-32477442
-23312222211 (base 4) to base 11
-1832784
11301353 (base 7) to base 14
1bb7d3
-210330232 (base 4) to base 3
-21200121021
-102202221121 (base 3) to base 5
-24404114
-91a4489 (base 11) to base 5
-13130214130
72fd (base 16) to base 14
aa29
Convert 126060 (base 8) to base 2.
1010110000110000
Convert -1303123 (base 6) to base 4.
-101100123
111010100111100001 (base 2) to base 12
b6b41
What is e582 (base 16) in base 11?
40163
-274797 (base 14) to base 7
-14351250
-40048 (base 14) to base 6
-3143412
Convert 1d6266a (base 14) to base 2.
111000010011001001100110
What is -230330 (base 7) in base 2?
-1010000000011001
What is 540302323 (base 6) in base 2?
100100011001100001001011
6145 (base 10) to base 11
4687
Convert -69652 (base 12) to base 7.
-1124525
What is -41e2 (base 15) in base 10?
-13937
Convert -331121 (base 10) to base 6.
-11032545
311814 (base 10) to base 15
625c9
Convert -3803 (base 16) to base 10.
-14339
What is -1001210211102 (base 3) in base 14?
-10a90a
-11001000100100001 (base 2) to base 9
-165768
78845 (base 9) to base 5
3134243
-2adc8 (base 16) to base 14
-47da0
What is -52466 (base 10) in base 13?
-1ab5b
What is 5111722 (base 9) in base 4?
22121010203
What is 86570 (base 9) in base 8?
157762
What is -4302d1 (base 15) in base 14?
-5d0789
-60881a (base 11) to base 15
-144b63
-111569 (base 11) to base 4
-223120213
Convert 4578611 (base 9) to base 4.
21123310300
What is 22344231 (base 5) in base 2?
110000110100000101
What is 8654da (base 16) in base 9?
17507167
What is -25161 (base 15) in base 5?
-12242231
212202110222 (base 3) to base 8
1621267
Convert -210313333 (base 4) to base 11.
-a3529
What is 779070 (base 10) in base 8?
2761476
3042430210 (base 5) to base 7
103563661
-11168012 (base 9) to base 2
-10100101010111010101100
What is 120353 (base 8) in base 5?
2304240
-222011122212011 (base 3) to base 5
-12030043331
What is -104570 (base 13) in base 8?
-1350131
53034103 (base 6) to base 2
101111001000011110111
72a90c (base 15) to base 11
3094736
What is -ded96 (base 16) in base 6?
-31321514
2030033 (base 5) to base 8
100567
Convert -10112102101101 (base 3) to base 6.
-104131144
Convert -45477 (base 9) to base 16.
-764b
What is 58258 (base 11) in base 6?
1445342
437146 (base 8) to base 11
a0529
1144310343 (base 5) to base 4
22122032100
What is -115321533 (base 6) in base 15?
